 Determine r(v).
8
Let v(j) be the third derivative of j**5/60 - j**4/24 - j**3/2 + 4*j**2. Let z(c) = -c**3 + 3*c**2 - c + 1. Let n be z(2). Calculate v(n).
3
Let x = 6 - 6. Suppose 3*o = 4*n - 5 + 17, -5*n = -5*o + 20. Suppose x = -q - i - 8, 5*q + n*i = 3*i. Let w(r) = r**3 + 4*r**2 - 2*r - 3. Give w(q).
12
Let y(f) = f**2 + 2*f + 4. Let v(u) = u**3 - 5*u**2 - u + 2. Suppose z - 4 = 1. Let n be v(z). Determine y(n).
7
Suppose -u - 4*s + 9*s = 20, -u = -s + 4. Let p(f) be the second derivative of -1/12*f**4 + 1/6*f**3 + 3*f + 1/2*f**2 + u. Give p(0).
1
Let g be 0/((15/(-5))/(-3)). Let y(b) = 7 - 4*b**2 - b - b**3 + 5*b**2 + 0*b**3. Determine y(g).
7
Let a(r) = -r**2 + 7. Let d be a(0). Let h = 11 - d. Let o be (-2 + 2/h)*2. Let p(b) = -b**3 - 2*b**2 + b + 1. What is p(o)?
7
Let y(m) = 9*m**3 + 2*m**2 - 1. Let k = -1 - -1. Suppose 4*r = -k*r + 4. What is y(r)?
10
Let q(s) = -9*s - 11*s + 22*s - 5*s - 10. Calculate q(-6).
8
Let w(j) = -j. Let g(p) = -4*p. Let b(r) = -2*g(r) + 6*w(r). Let i be b(2). Let q(f) = f**3 - 3*f**2 - 5*f - 2. Calculate q(i).
-6
Let s(p) be the first derivative of p**5/24 - p**4/24 + p**3 - 5. Let n(r) be the third derivative of s(r). What is n(1)?
4
Let q(l) = 6*l**3 - 2*l**2 + 1. Let k be q(1). Let y(p) be the third derivative of 1/6*p**3 + 1/30*p**k + 1/24*p**4 + 0*p - 3*p**2 + 0. What is y(-2)?
7
Suppose -3*t + 0*t = 3. Let q(s) = 10*s + 1. What is q(t)?
-9
Let b = 4 + -1. Suppose -x = -1 - b. Let s(h) = h**3 - 5*h**2 + 2*h + 2. What is s(x)?
-6
Let d(m) = m**3 - 5*m**2 + 2*m + 4. Let r(v) = -v**3 + 17*v**2 - 18*v + 35. Let i be r(16). Give d(i).
-8
Let w(u) = u**3 - 6*u**2 + 3*u - 1. Let v = 25 + -20. Determine w(v).
-11
Let q(z) = -z**2 + 1. Let m(w) = 4*w**2 + 4*w - 10. Let h(x) = m(x) + 3*q(x). Calculate h(-6).
5
Let q(d) be the third derivative of d**5/60 - 5*d**4/24 - d**3/3 - 9*d**2. Calculate q(5).
-2
Suppose r + r - 12 = 4*t, t = 3*r - 3. Let x = -4 + r. Let m(g) = g**2 + 2*g - 1. Give m(x).
7
Let q(x) = -4*x**2 + 6*x - 2. Let s(z) = 7*z**2 - 11*z + 2. Let v(w) = -5*q(w) - 3*s(w). What is v(5)?
-6
Suppose 4*r - 2 = -w, 3*w + r = 4*w - 7. Suppose h + w = -h. Let a(k) = -k**3 - 2*k**2 + k - 3. What is a(h)?
3
Let p(c) = -c**3 + c**2 + c - 1. Suppose -3*s - 2*o + 14 = 0, -o + 0*o + 2 = -s. Calculate p(s).
-3
Let x(i) = 4*i**3 - i**2 - 1. Let z = -22 - -13. Let s(w) = 15*w**3 - 4*w**2 - 5. Let q(l) = z*x(l) + 2*s(l). Determine q(-1).
6
Let a(y) = 24*y + 0*y**2 - 4 + 3*y**2 + y**3 - 29*y. Determine a(-3).
11
Let v(h) = 9 + 10 + 174*h - 175*h. What is v(10)?
9
Let n = 6 + -10. Let v be (-36)/(-21) + n/(-14). Let z(g) = g**3 + 1 - 2*g**3 + 2*g**3 - 3*g. Give z(v).
3
Let s = 1 + -1. Let o(f) be the first derivative of -f**2/2 - 7*f + 1. Calculate o(s).
-7
Let d(p) = 6*p - 2 + 3 + 1 - 3. Let g(o) = -o**3 + 7*o**2 - 7*o + 7. Let a be g(6). Calculate d(a).
5
Let z(d) = -d. Suppose -5*l = 5*s - 5, -7*s = 5*l - 5*s + 1. Determine z(l).
1
Let f(n) = 8*n**2 - 5*n + 4. Let s(l) = -9*l**2 + 6*l - 5. Let y(q) = 6*f(q) + 5*s(q). Suppose -z + 1 = -0*z. Determine y(z).
2
Let v(z) = -2*z - 1. Let c be ((-10)/15)/((-2)/(-6)). Let d = -1 - c. Determine v(d).
-3
Let f(a) = -5*a**3 - 4*a**2 + 5*a - 5. Let q(v) = -6*v**3 - 4*v**2 + 6*v - 6. Let n(m) = 5*f(m) - 4*q(m). Let z be 4/(-6) - (-30)/(-9). Determine n(z).
-5
Let b(g) be the second derivative of g**3/6 + 3*g**2 + 2*g. Let p(l) = -l - 6. Let n(h) = -6*b(h) - 5*p(h). Let o = 0 + 0. Determine n(o).
-6
Let g(o) be the first derivative of -o**7/840 + o**6/72 - o**5/24 + o**4/6 + o**3/3 - 2. Let y(n) be the third derivative of g(n). Calculate y(3).
7
Let p(q) = -12*q**2 - q**3 + 21*q**2 + 3 + 3*q - 8*q**2. Determine p(-2).
9
Let t(b) be the second derivative of -1/2*b**3 + 0 + 0*b**2 - 1/12*b**4 + b. Let l(s) = s**3 - 12*s**2 + 12*s - 14. Let u be l(11). Give t(u).
0
Let i be (0 - 4)*(-15)/20. Let a(z) = z**i + 1 - 4 + 4. Calculate a(-1).
0
Let g(d) = -3*d + 3. Let h(i) = 3*i - 3. Let r(a) = 3*g(a) + 4*h(a). Let k be ((-35)/20)/((-1)/(-4)). Let f be (k - -10) + (0 - 1). Determine r(f).
3
Let q be 2*4 - (-2 - -2). Suppose -6*o = -8*o + q. Let h(n) = 5*n**2 - n**3 - 3*n + 2 + 1 - n. Determine h(o).
3
Let i(q) = q**3 + 5*q**2 + q + 8. Let b(p) = 3*p**3 + 15*p**2 + 3*p + 23. Let v(l) = 6*b(l) - 17*i(l). Let c = -10 - -5. Give v(c).
-3
Let t(c) = 2*c**2 + 5*c + 2. Suppose a + 5*i + 18 = 0, -5*i + 3*i = 10. Let b = 4 - a. What is t(b)?
5
Suppose -j - 8 + 10 = 0. Let h(t) = -14*t**2 + 28*t**j - 13 - 13*t**2. Determine h(0).
-13
Let x(w) = -w - 5. Suppose -h + 2 = 5*s, 3*s = 4*h - 3 - 5. Let j = 32 - 32. Suppose g + s*g = j. Determine x(g).
-5
Suppose 0*r + 8 = 4*r. Let c be (10/4)/(r/(-4)). Let y(g) = 3 + g + 0*g - 1. Determine y(c).
-3
Suppose 9*r - 6*r - 3 = 0. Let t(o) = 5*o**3 + o**2 - o. Give t(r).
5
Let f = -106 + 107. Let y(v) = -22*v**2 + v. Determine y(f).
-21
Let x(g) = g**3 + 5*g**2 - 7*g - 1. Let l be x(-6). Let u(d) = -15 + d**2 - d + l + 7 + 2. Calculate u(-2).
5
Let t(q) = -66*q + 63*q - 1 - 5. What is t(-5)?
9
Let i(l) be the third derivative of -1/6*l**4 + 5*l**2 + 0 + 0*l + 1/120*l**6 - 1/20*l**5 - 5/6*l**3. Give i(4).
-5
Let i(k) = 2*k - 5. Let n(f) = 1 + 5 - f - 2*f. Let o(h) = -5*i(h) - 4*n(h). Determine o(-4).
-7
Let w(v) = v - 8. Let z be (-18)/45 + 44*2/20. What is w(z)?
-4
Let m(f) = 5*f - 4*f - 2*f + 25 - 24. What is m(1)?
0
Let d(g) = g**2 + 6*g + 5. Let o(x) = 5*x + 4. Let w(u) = -4*d(u) + 5*o(u). What is w(1)?
-3
Let p(q) = q**2 + 7*q + 5. Let c(o) = -o**2 - 3*o - 1. Let b be c(-4). Give p(b).
-5
Let o be 4/90*21/56 - 0. Let c(w) be the third derivative of -1/6*w**3 + 0 + 0*w - o*w**5 + 3*w**2 + 0*w**4. Give c(-1).
-2
Let r be 8/3*12/(-8). Let z(k) = k + 2. Let n be z(r). Let i(g) = 12*g**2 + 10*g - 1. Let f(h) = -h**2 - h. Let s(d) = 22*f(d) + 2*i(d). Determine s(n).
10
Let x(d) be the third derivative of -d**4/12 - d**3/3 + 11*d**2. Calculate x(-4).
6
Suppose -60 = -4*x + 2*g, -60 = -4*x + g - 3*g. Suppose -s - 2*s = -x. Let c(t) = -t**3 + 4*t**2 + 6*t - 4. Determine c(s).
1
Let k(m) = -2*m**2 + 4*m + 3. Let u(a) = -5*a**2 + 7*a + 5. Let y(q) = -5*k(q) + 3*u(q). Calculate y(-1).
-6
Let x(y) be the third derivative of 0 + 1/30*y**5 + 0*y - 1/6*y**3 - 3/40*y**6 - 3*y**2 + 0*y**4. Give x(1).
-8
Let b(t) be the second derivative of 7*t**4/12 - 2*t**3/3 - 5*t**2 + 2*t. Let g(p) = -4*p**2 + 2*p + 5. Let c(i) = -3*b(i) - 5*g(i). Give c(4).
-3
Let m(l) be the third derivative of -l**6/60 + l**5/15 + l**4/24 + l**3/6 - 54*l**2. Give m(3).
-14
Let r(t) = -13*t - 5. Let d(n) = 7*n + 3. Let g(m) = 7*d(m) + 4*r(m). Let x = 1 - -3. Calculate g(x).
-11
Let v(t) be the first derivative of t**5/20 - 2*t**3/3 - 2. Let z(x) be the third derivative of v(x). Let h = -9 + 8. What is z(h)?
-6
Let u(w) = 3*w + 20. Let n be u(-8). Let t(b) = b**3 + 5*b**2 + 5*b - 1. What is t(n)?
-5
Suppose j = 3*j - 2*a - 2, 3*j - 15 = -a. Let z(s) = -3*s + j + 2*s - 2*s. What is z(3)?
-5
Let a(x) = x**3 + 2*x**2 - 1. Suppose -3*b - 3 = -2*b. Let l be (8/10)/((-1)/(-5)). Let z = l + b. Give a(z).
2
Let r(i) = 11 - i + 3*i + 2*i - 3*i. Determine r(0).
11
Let p(a) = -5*a - 4*a**2 - a**2 + 0*a**2 + 4*a**2. Determine p(-5).
0
Let j(m) be the first derivative of -3 - 1/2*m**2 + 3*m. Let o = 2 - 0. Give j(o).
1
Let t(m) = m + 2. Suppose 0*n + 5*n = 175. Let r be n/10*(-4)/(-7). Suppose -r*u = -4*u - 10. Calculate t(u).
-3
Let v(y) = 3*y**2 + 2*y - 1. Suppose 5*h - 14 = -j, -h + 1 - 19 = -5*j. Let d be h - (1 - (8 + -1)). Let u(z) = -z + 9. Let s be u(d). Give v(s).
4
Let v(j) be the first derivative of j**5/5 + j**4/12 - j**3/3 + j**2/2 - j - 2. Let s(c) be the first derivative of v(c). Let k = -1 + 2. Give s(k).
4
Let h(o) = -2 + 6*o**2 + 3*o**2 - 12*o**2. Calculate h(2).
-14
Let i(w) = 1. Let d(a) = a + 1. Let h(y) = d(y) - 5*i(y). Give h(-7).
-11
Let w(y) be the second derivative of -2*y + 2*y**2 + 0 - 5/6*y**3 + 1/12*y**4. What is w(4)?
0
Let p(k) = 2 - k**3 - 24*k**2 + 27*k**2 - k - 1. Determine p(2).
3
Let a = -783/8 - -98. Let x(k) be the third derivative of 0*k + 2*k**2 - 1/6*k**3 + a*k**4 + 0. What is x(4)?
11
Let m(b) be the second derivative of 1/6*b**3 + 0 + 0*b**4 - 9*b + 3/20*b**5 + 0*b**2. Suppose 4*i + 17 = j, 2*j - 2*i - 14 = i. Determine m(j).
4
Let v(w) = -w + 1. Let a(x) = x**3 - 